{"id":405,"date":"2024-03-09T09:59:17","date_gmt":"2024-03-09T08:59:17","guid":{"rendered":"http:\/\/kolegiumrim.sk\/?page_id=405"},"modified":"2024-03-09T09:59:19","modified_gmt":"2024-03-09T08:59:19","slug":"papezsky-slovensky-ustav","status":"publish","type":"page","link":"http:\/\/kolegiumrim.sk\/?page_id=405","title":{"rendered":"P\u00e1pe\u017esk\u00fd slovensk\u00fd \u00fastav"},"content":{"rendered":"\n<p>Je in\u0161tit\u00facia, ktor\u00e1 pokra\u010duje v&nbsp;\u010dinnosti Slovensk\u00e9ho \u00fastavu sv. Cyrila a&nbsp;Metoda (S\u00daSCM). Slovensk\u00fd \u00fastav sv. Cyrila a Metoda vznikol po cirkevnopr\u00e1vnej str\u00e1nke dekr\u00e9tom kardin\u00e1la Eugena Tisseranta d\u0148a 8. janu\u00e1ra 1961 na \u00fazem\u00ed Suburbik\u00e1lnej diec\u00e9zy Porto Santa Rufina. S\u00daSCM bol 16. marca 1998 sv. J\u00e1nom Pavlom II. pov\u00fd\u0161en\u00fd na \u201ep\u00e1pe\u017esk\u00fd\u201c. Jeho \u00falohou je predov\u0161etk\u00fdm starostlivos\u0165 o&nbsp;slovensk\u00fdch p\u00fatnikov prich\u00e1dzaj\u00facich do R\u00edma, zabezpe\u010duje priestory a&nbsp;z\u00e1zemie pre P\u00e1pe\u017esk\u00e9 slovensk\u00e9 kol\u00e9gium, organizuje duchovn\u00e9, n\u00e1bo\u017eensk\u00e9, vedeck\u00e9 a&nbsp;spolo\u010densk\u00e9 podujatia pre slovensk\u00fa komunitu v&nbsp;R\u00edme a&nbsp;Taliansku. Je arch\u00edvnym centrom pre v\u00fdskum slovenskej emigr\u00e1cie a poskytuje z\u00e1zemie slovensk\u00fdm i&nbsp;zahrani\u010dn\u00fdm vedcom v&nbsp;predmetnej problematike. Je centrom slovensk\u00fdch p\u00fat\u00ed v&nbsp;R\u00edme a&nbsp;priestorom pre duchovn\u00fa slu\u017ebu slovensk\u00fdm veriacim.<\/p>\n\n\n\n<p>P\u00e1pe\u017esk\u00fd slovensk\u00fd \u00fastav sv. Cyrila a Metoda je v\u00fdhradn\u00fdm vlastn\u00edkom autorsk\u00fdch pr\u00e1v na publik\u00e1cie a tla\u010doviny, ktor\u00e9 vy\u0161li pod zna\u010dkou Slovensk\u00fd \u00fastav sv. Cyrila a Metoda v&nbsp;R\u00edme.&nbsp;<\/p>\n","protected":false},"excerpt":{"rendered":"<p>Je in\u0161tit\u00facia, ktor\u00e1 pokra\u010duje v&nbsp;\u010dinnosti Slovensk\u00e9ho \u00fastavu sv. Cyrila a&nbsp;Metoda (S\u00daSCM). Slovensk\u00fd \u00fastav sv. Cyrila a Metoda vznikol po cirkevnopr\u00e1vnej str\u00e1nke dekr\u00e9tom kardin\u00e1la Eugena Tisseranta d\u0148a 8. janu\u00e1ra 1961 na \u00fazem\u00ed Suburbik\u00e1lnej diec\u00e9zy Porto Santa Rufina. S\u00daSCM bol 16. marca 1998 sv. J\u00e1nom Pavlom II. pov\u00fd\u0161en\u00fd na \u201ep\u00e1pe\u017esk\u00fd\u201c. Jeho \u00falohou je predov\u0161etk\u00fdm starostlivos\u0165 o&nbsp;slovensk\u00fdch p\u00fatnikov prich\u00e1dzaj\u00facich do R\u00edma, zabezpe\u010duje priestory a&nbsp;z\u00e1zemie pre P\u00e1pe\u017esk\u00e9 slovensk\u00e9 kol\u00e9gium, organizuje duchovn\u00e9, n\u00e1bo\u017eensk\u00e9, vedeck\u00e9 a&nbsp;spolo\u010densk\u00e9 podujatia pre slovensk\u00fa komunitu v&nbsp;R\u00edme a&nbsp;Taliansku. Je arch\u00edvnym centrom pre v\u00fdskum slovenskej emigr\u00e1cie a poskytuje z\u00e1zemie slovensk\u00fdm i&nbsp;zahrani\u010dn\u00fdm vedcom v&nbsp;predmetnej problematike. Je centrom slovensk\u00fdch p\u00fat\u00ed v&nbsp;R\u00edme a&nbsp;priestorom pre duchovn\u00fa slu\u017ebu<\/p>\n","protected":false},"author":1,"featured_media":0,"parent":0,"menu_order":0,"comment_status":"closed","ping_status":"closed","template":"","meta":{"_eb_attr":"","om_disable_all_campaigns":false,"_monsterinsights_skip_tracking":false,"_monsterinsights_sitenote_active":false,"_monsterinsights_sitenote_note":"","_monsterinsights_sitenote_category":0,"_uf_show_specific_survey":0,"_uf_disable_surveys":false,"footnotes":""},"class_list":["post-405","page","type-page","status-publish","hentry"],"aioseo_notices":[],"_links":{"self":[{"href":"http:\/\/kolegiumrim.sk\/index.php?rest_route=\/wp\/v2\/pages\/405","targetHints":{"allow":["GET"]}}],"collection":[{"href":"http:\/\/kolegiumrim.sk\/index.php?rest_route=\/wp\/v2\/pages"}],"about":[{"href":"http:\/\/kolegiumrim.sk\/index.php?rest_route=\/wp\/v2\/types\/page"}],"author":[{"embeddable":true,"href":"http:\/\/kolegiumrim.sk\/index.php?rest_route=\/wp\/v2\/users\/1"}],"replies":[{"embeddable":true,"href":"http:\/\/kolegiumrim.sk\/index.php?rest_route=%2Fwp%2Fv2%2Fcomments&post=405"}],"version-history":[{"count":1,"href":"http:\/\/kolegiumrim.sk\/index.php?rest_route=\/wp\/v2\/pages\/405\/revisions"}],"predecessor-version":[{"id":407,"href":"http:\/\/kolegiumrim.sk\/index.php?rest_route=\/wp\/v2\/pages\/405\/revisions\/407"}],"wp:attachment":[{"href":"http:\/\/kolegiumrim.sk\/index.php?rest_route=%2Fwp%2Fv2%2Fmedia&parent=405"}],"curies":[{"name":"wp","href":"https:\/\/api.w.org\/{rel}","templated":true}]}}