{"id":415,"date":"2024-03-09T10:20:55","date_gmt":"2024-03-09T09:20:55","guid":{"rendered":"http:\/\/kolegiumrim.sk\/?page_id=415"},"modified":"2024-03-09T10:21:08","modified_gmt":"2024-03-09T09:21:08","slug":"papezske-slovenske-kolegium","status":"publish","type":"page","link":"http:\/\/kolegiumrim.sk\/?page_id=415","title":{"rendered":"P\u00e1pe\u017esk\u00e9 slovensk\u00e9 kol\u00e9gium\u00a0"},"content":{"rendered":"\n<p>P\u00e1pe\u017esk\u00e9 slovensk\u00e9 kol\u00e9gium sv. Cyrila a\u00a0Metoda bolo zriaden\u00e9 v\u00a0priestoroch S\u00daSCM d\u0148a 15. septembra 1997 z\u00a0rozhodnutia sv. J\u00e1na Pavla II. S\u00daSCM u\u017e v\u00a0predch\u00e1dzaj\u00facom obdob\u00ed zabezpe\u010doval pobyt slovensk\u00fdch k\u0148azov na postgradu\u00e1lnych \u0161t\u00fadi\u00e1ch v\u00a0R\u00edme. Od roku 1997 t\u00e1to starostlivos\u0165 dostala v\u00a0zriaden\u00ed P\u00e1pe\u017esk\u00e9ho slovensk\u00e9ho kol\u00e9gia svoju in\u0161titucion\u00e1lnu formu. Od 90. rokov pre\u0161lo br\u00e1nami domu desiatky slovensk\u00fdch k\u0148azov, ktor\u00ed po absolvovan\u00ed \u0161t\u00fadi\u00ed na p\u00e1pe\u017esk\u00fdch \u010di civiln\u00fdch univerzit\u00e1ch dosiahli akademick\u00e9 a\u00a0vedeck\u00e9 hodnosti. Medzi alumnusov domu patr\u00ed aj\u00a0Mons. Stanislav Zvolensk\u00fd, Mons. Marek Forg\u00e1\u010d, \u010di J. E. Jon\u00e1\u0161 Maxim.\u00a0\u00a0\u00a0<\/p>\n","protected":false},"excerpt":{"rendered":"<p>P\u00e1pe\u017esk\u00e9 slovensk\u00e9 kol\u00e9gium sv. Cyrila a\u00a0Metoda bolo zriaden\u00e9 v\u00a0priestoroch S\u00daSCM d\u0148a 15. septembra 1997 z\u00a0rozhodnutia sv. J\u00e1na Pavla II. S\u00daSCM u\u017e v\u00a0predch\u00e1dzaj\u00facom obdob\u00ed zabezpe\u010doval pobyt slovensk\u00fdch k\u0148azov na postgradu\u00e1lnych \u0161t\u00fadi\u00e1ch v\u00a0R\u00edme. Od roku 1997 t\u00e1to starostlivos\u0165 dostala v\u00a0zriaden\u00ed P\u00e1pe\u017esk\u00e9ho slovensk\u00e9ho kol\u00e9gia svoju in\u0161titucion\u00e1lnu formu. Od 90. rokov pre\u0161lo br\u00e1nami domu desiatky slovensk\u00fdch k\u0148azov, ktor\u00ed po absolvovan\u00ed \u0161t\u00fadi\u00ed na p\u00e1pe\u017esk\u00fdch \u010di civiln\u00fdch univerzit\u00e1ch dosiahli akademick\u00e9 a\u00a0vedeck\u00e9 hodnosti. Medzi alumnusov domu patr\u00ed aj\u00a0Mons. Stanislav Zvolensk\u00fd, Mons. Marek Forg\u00e1\u010d, \u010di J. E. Jon\u00e1\u0161 Maxim.\u00a0\u00a0\u00a0<\/p>\n","protected":false},"author":1,"featured_media":0,"parent":0,"menu_order":0,"comment_status":"closed","ping_status":"closed","template":"","meta":{"_eb_attr":"","om_disable_all_campaigns":false,"_monsterinsights_skip_tracking":false,"_monsterinsights_sitenote_active":false,"_monsterinsights_sitenote_note":"","_monsterinsights_sitenote_category":0,"_uf_show_specific_survey":0,"_uf_disable_surveys":false,"footnotes":""},"class_list":["post-415","page","type-page","status-publish","hentry"],"aioseo_notices":[],"_links":{"self":[{"href":"http:\/\/kolegiumrim.sk\/index.php?rest_route=\/wp\/v2\/pages\/415","targetHints":{"allow":["GET"]}}],"collection":[{"href":"http:\/\/kolegiumrim.sk\/index.php?rest_route=\/wp\/v2\/pages"}],"about":[{"href":"http:\/\/kolegiumrim.sk\/index.php?rest_route=\/wp\/v2\/types\/page"}],"author":[{"embeddable":true,"href":"http:\/\/kolegiumrim.sk\/index.php?rest_route=\/wp\/v2\/users\/1"}],"replies":[{"embeddable":true,"href":"http:\/\/kolegiumrim.sk\/index.php?rest_route=%2Fwp%2Fv2%2Fcomments&post=415"}],"version-history":[{"count":1,"href":"http:\/\/kolegiumrim.sk\/index.php?rest_route=\/wp\/v2\/pages\/415\/revisions"}],"predecessor-version":[{"id":416,"href":"http:\/\/kolegiumrim.sk\/index.php?rest_route=\/wp\/v2\/pages\/415\/revisions\/416"}],"wp:attachment":[{"href":"http:\/\/kolegiumrim.sk\/index.php?rest_route=%2Fwp%2Fv2%2Fmedia&parent=415"}],"curies":[{"name":"wp","href":"https:\/\/api.w.org\/{rel}","templated":true}]}}