{"id":175,"date":"2023-10-13T16:33:02","date_gmt":"2023-10-13T14:33:02","guid":{"rendered":"http:\/\/kolegiumrim.sk\/?page_id=175"},"modified":"2025-03-28T23:10:39","modified_gmt":"2025-03-28T22:10:39","slug":"svate-omse","status":"publish","type":"page","link":"https:\/\/kolegiumrim.sk\/?page_id=175","title":{"rendered":"Sv\u00e4t\u00e9 om\u0161e"},"content":{"rendered":"\t\t<div data-elementor-type=\"wp-page\" data-elementor-id=\"175\" class=\"elementor elementor-175\">\n\t\t\t\t<div class=\"elementor-element elementor-element-6c9d33f e-flex e-con-boxed e-con e-parent\" data-id=\"6c9d33f\" data-element_type=\"container\" data-e-type=\"container\">\n\t\t\t\t\t<div class=\"e-con-inner\">\n\t\t\t\t<div class=\"elementor-element elementor-element-c7193c0 elementor-widget elementor-widget-text-editor\" data-id=\"c7193c0\" data-element_type=\"widget\" data-e-type=\"widget\" data-widget_type=\"text-editor.default\">\n\t\t\t\t<div class=\"elementor-widget-container\">\n\t\t\t\t\t\t\t\t\t<h2 class=\"wp-block-heading\" style=\"padding: var(--wp--preset--spacing--80) var(--wp--preset--spacing--40) var(--wp--preset--spacing--40) var(--wp--preset--spacing--40);\"><strong>Sv\u00e4t\u00e9 om\u0161e pre verejnos\u0165<\/strong><\/h2>\n<p><!-- \/wp:heading --><!-- wp:paragraph {\"style\":{\"spacing\":{\"margin\":{\"top\":\"var:preset|spacing|40\",\"bottom\":\"var:preset|spacing|40\",\"left\":\"var:preset|spacing|40\",\"right\":\"var:preset|spacing|40\"}}},\"fontSize\":\"normal\"} --><\/p>\n<p class=\"has-normal-font-size\" style=\"margin: var(--wp--preset--spacing--40);\">Sv\u00e4t\u00e9 om\u0161e pre verejnos\u0165 sl\u00e1vime v\u017edy v nede\u013eu r\u00e1no o <strong>7.30<\/strong> v slovenskom jazyku o <strong>10.30<\/strong> v talianskom jazyku.<\/p>\n<p><!-- \/wp:paragraph --><!-- wp:heading {\"style\":{\"spacing\":{\"padding\":{\"right\":\"var:preset|spacing|40\",\"left\":\"var:preset|spacing|40\"}}}} --><\/p>\n<h2 class=\"wp-block-heading\" style=\"padding-right: var(--wp--preset--spacing--40); padding-left: var(--wp--preset--spacing--40);\"><strong>Liturgick\u00e9 sl\u00e1venia po\u010das Ve\u013ek\u00e9ho t\u00fd\u017ed\u0148a 2025<\/strong><\/h2>\n<p><!-- \/wp:heading --><!-- wp:paragraph {\"style\":{\"spacing\":{\"padding\":{\"top\":\"0\",\"bottom\":\"0\",\"left\":\"var:preset|spacing|40\",\"right\":\"var:preset|spacing|40\"}}}} --><\/p>\n<p style=\"padding: 0 var(--wp--preset--spacing--40) 0 var(--wp--preset--spacing--40);\"><strong>Kvetn\u00e1 nede\u013ea: <\/strong><br \/>07.30 \u2013 sv. om\u0161a v\u00a0slovenskom jazyku<br \/>10.30 \u2013 sv. om\u0161a v\u00a0talianskom jazyku<\/p>\n<p><!-- \/wp:paragraph --><!-- wp:paragraph {\"style\":{\"spacing\":{\"padding\":{\"top\":\"0\",\"bottom\":\"0\",\"left\":\"var:preset|spacing|40\",\"right\":\"var:preset|spacing|40\"}}}} --><\/p>\n<p style=\"padding: 0 var(--wp--preset--spacing--40) 0 var(--wp--preset--spacing--40);\"><strong>Zelen\u00fd \u0161tvrtok: <\/strong><br \/>18.00 \u2013 sv. om\u0161a na pamiatku P\u00e1novej ve\u010dere (po slovensky)<\/p>\n<p><!-- \/wp:paragraph --><!-- wp:paragraph {\"style\":{\"spacing\":{\"padding\":{\"top\":\"0\",\"bottom\":\"0\",\"left\":\"var:preset|spacing|40\",\"right\":\"var:preset|spacing|40\"}}}} --><\/p>\n<p style=\"padding: 0 var(--wp--preset--spacing--40) 0 var(--wp--preset--spacing--40);\"><strong>Ve\u013ek\u00fd piatok <\/strong><br \/>15.00 \u2013 korunka Bo\u017eieho milosrdenstva (po slovensky)<br \/>15.30 \u2013 obrady Ve\u013ek\u00e9ho piatku (po slovensky)<\/p>\n<p><!-- \/wp:paragraph --><!-- wp:paragraph {\"style\":{\"spacing\":{\"padding\":{\"top\":\"0\",\"bottom\":\"0\",\"left\":\"var:preset|spacing|40\",\"right\":\"var:preset|spacing|40\"}}}} --><\/p>\n<p style=\"padding: 0 var(--wp--preset--spacing--40) 0 var(--wp--preset--spacing--40);\"><strong>Biela sobota <\/strong><br \/>18.30 \u2013 ve\u013ekono\u010dn\u00e1 vig\u00edlia (po slovensky)<\/p>\n<p><!-- \/wp:paragraph --><!-- wp:paragraph {\"style\":{\"spacing\":{\"padding\":{\"top\":\"0\",\"bottom\":\"0\",\"left\":\"var:preset|spacing|40\",\"right\":\"var:preset|spacing|40\"}}}} --><\/p>\n<p style=\"padding: 0 var(--wp--preset--spacing--40) 0 var(--wp--preset--spacing--40);\"><strong>Ve\u013ekono\u010dn\u00e1 nede\u013ea<\/strong><\/p>\n<p style=\"padding: 0 var(--wp--preset--spacing--40) 0 var(--wp--preset--spacing--40);\">07.30 \u2013 sv. om\u0161a v\u00a0slovenskom jazyku<\/p>\n<p style=\"padding: 0 var(--wp--preset--spacing--40) 0 var(--wp--preset--spacing--40);\">10.30 \u2013 sv. om\u0161a v talianskom jazyku<\/p>\n<p><!-- \/wp:paragraph --><!-- wp:paragraph {\"style\":{\"spacing\":{\"padding\":{\"right\":\"var:preset|spacing|40\",\"left\":\"var:preset|spacing|40\",\"top\":\"var:preset|spacing|50\",\"bottom\":\"var:preset|spacing|80\"}}}} --><\/p>\n<p style=\"padding: var(--wp--preset--spacing--50) var(--wp--preset--spacing--40) var(--wp--preset--spacing--80) var(--wp--preset--spacing--40);\">V dostato\u010dnom \u010dasovom predstihu je mo\u017en\u00e9 pred obradmi prija\u0165 sviatos\u0165 zmierenia. V pr\u00edpade \u00fa\u010dasti v\u00e4\u010d\u0161\u00edch skup\u00edn pros\u00edme o nahl\u00e1senie sa vopred prostredn\u00edctvom e-mailu: info@kolegiumrim.sk<\/p>\n<p><!-- \/wp:paragraph --><\/p>\t\t\t\t\t\t\t\t<\/div>\n\t\t\t\t<\/div>\n\t\t\t\t<div class=\"elementor-element elementor-element-5b2d7dd4 elementor-widget elementor-widget-text-editor\" data-id=\"5b2d7dd4\" data-element_type=\"widget\" data-e-type=\"widget\" data-widget_type=\"text-editor.default\">\n\t\t\t\t<div class=\"elementor-widget-container\">\n\t\t\t\t\t\t\t\t\t<h2 style=\"padding: var(--wp--preset--spacing--80) var(--wp--preset--spacing--40) var(--wp--preset--spacing--40) var(--wp--preset--spacing--40);\"><strong>Sv\u00e4t\u00e9 om\u0161e pre verejnos\u0165<\/strong><\/h2>\n<p><!-- \/wp:heading --><!-- wp:paragraph {\"style\":{\"spacing\":{\"margin\":{\"top\":\"var:preset|spacing|40\",\"bottom\":\"var:preset|spacing|40\",\"left\":\"var:preset|spacing|40\",\"right\":\"var:preset|spacing|40\"}}},\"fontSize\":\"normal\"} --><\/p>\n<p style=\"margin: var(--wp--preset--spacing--40);\">Sv\u00e4t\u00e9 om\u0161e pre verejnos\u0165 sl\u00e1vime v\u017edy v nede\u013eu r\u00e1no o <strong>7.30<\/strong> v slovenskom jazyku o <strong>10.30<\/strong> v talianskom jazyku.<\/p>\n<p><!-- \/wp:paragraph --><!-- wp:heading {\"style\":{\"spacing\":{\"padding\":{\"right\":\"var:preset|spacing|40\",\"left\":\"var:preset|spacing|40\"}}}} --><\/p>\n<h2 style=\"padding-right: var(--wp--preset--spacing--40); padding-left: var(--wp--preset--spacing--40);\"><strong>Liturgick\u00e9 sl\u00e1venia po\u010das Ve\u013ek\u00e9ho t\u00fd\u017ed\u0148a 2025<\/strong><\/h2>\n<p><!-- \/wp:heading --><!-- wp:paragraph {\"style\":{\"spacing\":{\"padding\":{\"top\":\"0\",\"bottom\":\"0\",\"left\":\"var:preset|spacing|40\",\"right\":\"var:preset|spacing|40\"}}}} --><\/p>\n<p style=\"padding: 0 var(--wp--preset--spacing--40) 0 var(--wp--preset--spacing--40);\"><strong>Kvetn\u00e1 nede\u013ea: <\/strong><br>07.30 \u2013 sv. om\u0161a v&nbsp;slovenskom jazyku<br>10.30 \u2013 sv. om\u0161a v&nbsp;talianskom jazyku<\/p>\n<p><!-- \/wp:paragraph --><!-- wp:paragraph {\"style\":{\"spacing\":{\"padding\":{\"top\":\"0\",\"bottom\":\"0\",\"left\":\"var:preset|spacing|40\",\"right\":\"var:preset|spacing|40\"}}}} --><\/p>\n<p style=\"padding: 0 var(--wp--preset--spacing--40) 0 var(--wp--preset--spacing--40);\"><strong>Zelen\u00fd \u0161tvrtok: <\/strong><br>18.00 \u2013 sv. om\u0161a na pamiatku P\u00e1novej ve\u010dere (po slovensky)<\/p>\n<p><!-- \/wp:paragraph --><!-- wp:paragraph {\"style\":{\"spacing\":{\"padding\":{\"top\":\"0\",\"bottom\":\"0\",\"left\":\"var:preset|spacing|40\",\"right\":\"var:preset|spacing|40\"}}}} --><\/p>\n<p style=\"padding: 0 var(--wp--preset--spacing--40) 0 var(--wp--preset--spacing--40);\"><strong>Ve\u013ek\u00fd piatok <\/strong><br>15.00 \u2013 korunka Bo\u017eieho milosrdenstva (po slovensky)<br>15.30 \u2013 obrady Ve\u013ek\u00e9ho piatku (po slovensky)<\/p>\n<p><!-- \/wp:paragraph --><!-- wp:paragraph {\"style\":{\"spacing\":{\"padding\":{\"top\":\"0\",\"bottom\":\"0\",\"left\":\"var:preset|spacing|40\",\"right\":\"var:preset|spacing|40\"}}}} --><\/p>\n<p style=\"padding: 0 var(--wp--preset--spacing--40) 0 var(--wp--preset--spacing--40);\"><strong>Biela sobota <\/strong><br>18.30 \u2013 ve\u013ekono\u010dn\u00e1 vig\u00edlia (po slovensky)<\/p>\n<p><!-- \/wp:paragraph --><!-- wp:paragraph {\"style\":{\"spacing\":{\"padding\":{\"top\":\"0\",\"bottom\":\"0\",\"left\":\"var:preset|spacing|40\",\"right\":\"var:preset|spacing|40\"}}}} --><\/p>\n<p style=\"padding: 0 var(--wp--preset--spacing--40) 0 var(--wp--preset--spacing--40);\"><strong>Ve\u013ekono\u010dn\u00e1 nede\u013ea<\/strong><\/p>\n<p style=\"padding: 0 var(--wp--preset--spacing--40) 0 var(--wp--preset--spacing--40);\">&nbsp;07.30 &#8211; sv. om\u0161a v slovenskom jazyku<\/p>\n<p style=\"padding: 0 var(--wp--preset--spacing--40) 0 var(--wp--preset--spacing--40);\">10.30 \u2013 sv. om\u0161a v&nbsp;talianskom jazyku<\/p>\n<p><!-- \/wp:paragraph --><!-- wp:paragraph {\"style\":{\"spacing\":{\"padding\":{\"right\":\"var:preset|spacing|40\",\"left\":\"var:preset|spacing|40\",\"top\":\"var:preset|spacing|50\",\"bottom\":\"var:preset|spacing|80\"}}}} --><\/p>\n<p style=\"padding: var(--wp--preset--spacing--50) var(--wp--preset--spacing--40) var(--wp--preset--spacing--80) var(--wp--preset--spacing--40);\">V&nbsp;dostato\u010dnom \u010dasovom predstihu je mo\u017en\u00e9 pred obradmi prija\u0165 sviatos\u0165 zmierenia. <br>Pre bli\u017e\u0161ie inform\u00e1cie sa obr\u00e1\u0165te na n\u00e1s prostredn\u00edctvom e-mailu: cirillo.metodio@libero.it.<\/p>\n<p><!-- \/wp:paragraph --><\/p>\t\t\t\t\t\t\t\t<\/div>\n\t\t\t\t<\/div>\n\t\t\t\t\t<\/div>\n\t\t\t\t<\/div>\n\t\t\t\t<\/div>\n\t\t","protected":false},"excerpt":{"rendered":"<p>Sv\u00e4t\u00e9 om\u0161e pre verejnos\u0165 Sv\u00e4t\u00e9 om\u0161e pre verejnos\u0165 sl\u00e1vime v\u017edy v nede\u013eu r\u00e1no o 7.30 v slovenskom jazyku o 10.30 v talianskom jazyku. Liturgick\u00e9 sl\u00e1venia po\u010das Ve\u013ek\u00e9ho t\u00fd\u017ed\u0148a 2025 Kvetn\u00e1 nede\u013ea: 07.30 \u2013 sv. om\u0161a v\u00a0slovenskom jazyku10.30 \u2013 sv. om\u0161a v\u00a0talianskom jazyku Zelen\u00fd \u0161tvrtok: 18.00 \u2013 sv. om\u0161a na pamiatku P\u00e1novej ve\u010dere (po slovensky) Ve\u013ek\u00fd piatok 15.00 \u2013 korunka Bo\u017eieho milosrdenstva (po slovensky)15.30 \u2013 obrady Ve\u013ek\u00e9ho piatku (po slovensky) Biela sobota 18.30 \u2013 ve\u013ekono\u010dn\u00e1 vig\u00edlia (po slovensky) Ve\u013ekono\u010dn\u00e1 nede\u013ea 07.30 \u2013 sv. om\u0161a v\u00a0slovenskom jazyku 10.30 \u2013 sv. om\u0161a v talianskom jazyku V dostato\u010dnom \u010dasovom predstihu je mo\u017en\u00e9 pred obradmi<\/p>\n","protected":false},"author":1,"featured_media":0,"parent":0,"menu_order":0,"comment_status":"closed","ping_status":"closed","template":"wp-custom-template-sv-om-e","meta":{"_eb_attr":"","om_disable_all_campaigns":false,"_monsterinsights_skip_tracking":false,"_monsterinsights_sitenote_active":false,"_monsterinsights_sitenote_note":"","_monsterinsights_sitenote_category":0,"_uf_show_specific_survey":0,"_uf_disable_surveys":false,"footnotes":""},"class_list":["post-175","page","type-page","status-publish","hentry"],"aioseo_notices":[],"_links":{"self":[{"href":"https:\/\/kolegiumrim.sk\/index.php?rest_route=\/wp\/v2\/pages\/175","targetHints":{"allow":["GET"]}}],"collection":[{"href":"https:\/\/kolegiumrim.sk\/index.php?rest_route=\/wp\/v2\/pages"}],"about":[{"href":"https:\/\/kolegiumrim.sk\/index.php?rest_route=\/wp\/v2\/types\/page"}],"author":[{"embeddable":true,"href":"https:\/\/kolegiumrim.sk\/index.php?rest_route=\/wp\/v2\/users\/1"}],"replies":[{"embeddable":true,"href":"https:\/\/kolegiumrim.sk\/index.php?rest_route=%2Fwp%2Fv2%2Fcomments&post=175"}],"version-history":[{"count":6,"href":"https:\/\/kolegiumrim.sk\/index.php?rest_route=\/wp\/v2\/pages\/175\/revisions"}],"predecessor-version":[{"id":553,"href":"https:\/\/kolegiumrim.sk\/index.php?rest_route=\/wp\/v2\/pages\/175\/revisions\/553"}],"wp:attachment":[{"href":"https:\/\/kolegiumrim.sk\/index.php?rest_route=%2Fwp%2Fv2%2Fmedia&parent=175"}],"curies":[{"name":"wp","href":"https:\/\/api.w.org\/{rel}","templated":true}]}}